
Is 2 a factor of 1603?
False
Is 28 a factor of 8337?
False
Is 20 a factor of 920?
True
Does 15 divide 24251?
False
Does 77 divide 1540?
True
Is 26068 a multiple of 19?
True
Is 4502 a multiple of 47?
False
Is 2896 a multiple of 8?
True
Is 10 a factor of 160?
True
Is 170 a factor of 1137?
False
Is 6 a factor of 528?
True
Is 693 a multiple of 27?
False
Does 60 divide 3900?
True
Is 1270 a multiple of 15?
False
Does 136 divide 7327?
False
Does 29 divide 1450?
True
Is 3465 a multiple of 33?
True
Is 80 a multiple of 2?
True
Is 13 a factor of 3708?
False
Does 25 divide 11200?
True
Is 306 a multiple of 3?
True
Is 17 a factor of 35997?
False
Is 19 a factor of 247?
True
Is 19949 a multiple of 19?
False
Is 26 a multiple of 3?
False
Is 10199 a multiple of 329?
True
Is 119040 a multiple of 93?
True
Is 15170 a multiple of 8?
False
Is 86 a factor of 24501?
False
Is 88 a factor of 348?
False
Does 109 divide 4251?
True
Is 2 a factor of 101?
False
Is 8304 a multiple of 12?
True
Is 132 a multiple of 12?
True
Is 915 a multiple of 42?
False
Is 876 a multiple of 6?
True
Is 71 a factor of 4473?
True
Is 4 a factor of 432?
True
Is 5130 a multiple of 45?
True
Is 182 a multiple of 4?
False
Does 6 divide 248?
False
Does 5 divide 45?
True
Does 35 divide 13071?
False
Is 16 a factor of 1520?
True
Does 3 divide 189?
True
Is 26 a factor of 16484?
True
Is 306 a multiple of 17?
True
Is 14 a factor of 932?
False
Is 85 a factor of 1401?
False
Is 4 a factor of 4?
True
Is 25 a factor of 1225?
True
Is 23 a factor of 782?
True
Is 8 a factor of 40?
True
Is 17 a factor of 1003?
True
Does 42 divide 252?
True
Is 498 a multiple of 4?
False
Does 26 divide 12808?
False
Is 25116 a multiple of 23?
True
Is 19 a factor of 18464?
False
Is 55 a factor of 43478?
False
Does 16 divide 1408?
True
Is 340 a multiple of 25?
False
Is 118445 a multiple of 360?
False
Is 37 a factor of 4362?
False
Is 5192 a multiple of 118?
True
Does 5 divide 1641?
False
Is 18 a factor of 486?
True
Does 22 divide 1516?
False
Does 85 divide 9960?
False
Is 827 a multiple of 31?
False
Is 83 a factor of 664?
True
Is 43 a factor of 1677?
True
Is 927 a multiple of 34?
False
Is 351 a factor of 65250?
False
Is 50 a factor of 515?
False
Is 86 a factor of 1290?
True
Is 8 a factor of 478?
False
Is 2190 a multiple of 10?
True
Is 50 a multiple of 4?
False
Is 132 a factor of 16104?
True
Is 6 a factor of 204?
True
Is 90 a factor of 7982?
False
Is 134 a factor of 24667?
False
Is 780 a multiple of 4?
True
Is 35 a factor of 1680?
True
Is 66834 a multiple of 9?
True
Is 121 a multiple of 20?
False
Does 12 divide 84?
True
Does 173 divide 42848?
False
Does 34 divide 333?
False
Does 53 divide 9669?
False
Is 181 a multiple of 41?
False
Is 7176 a multiple of 69?
True
Is 34 a factor of 952?
True
Does 5 divide 9815?
True
Is 2016 a multiple of 8?
True
Does 23 divide 2714?
True
Is 16653 a multiple of 273?
True
Is 66 a factor of 2776?
False
Is 25 a factor of 225?
True
Is 228 a multiple of 35?
False
Is 2520 a multiple of 42?
True
Is 10 a factor of 2068?
False
Is 79 a factor of 1975?
True
Is 16 a factor of 3568?
True
Is 19763 a multiple of 37?
False
Is 15 a factor of 1418?
False
Does 17 divide 553?
False
Is 42 a factor of 1799?
False
Is 54 a factor of 7138?
False
Does 27 divide 57836?
False
Is 42886 a multiple of 7?
False
Does 10 divide 13231?
False
Does 26 divide 702?
True
Does 5 divide 119?
False
Is 17 a factor of 2091?
True
Does 15 divide 2968?
False
Is 2000 a multiple of 20?
True
Is 6 a factor of 29940?
True
Does 3 divide 65?
False
Is 70 a factor of 18410?
True
Does 31 divide 263?
False
Is 2 a factor of 126?
True
Does 48 divide 2208?
True
Does 35 divide 210?
True
Is 30 a factor of 24055?
False
Is 19 a factor of 527?
False
Does 18 divide 49?
False
Is 1044 a multiple of 12?
True
Is 1140 a multiple of 3?
True
Is 38 a factor of 1968?
False
Is 5883 a multiple of 53?
True
Is 21 a factor of 28860?
False
Is 17 a factor of 2261?
True
Is 6 a factor of 6501?
False
Is 22558 a multiple of 190?
False
Is 37352 a multiple of 56?
True
Is 14 a factor of 367?
False
Is 12 a factor of 612?
True
Is 73 a factor of 3358?
True
Is 2222 a multiple of 14?
False
Does 90 divide 444?
False
Is 18 a factor of 576?
True
Is 2892 a multiple of 150?
False
Is 3438 a multiple of 6?
True
Does 118 divide 14974?
False
Does 15 divide 352?
False
Does 16 divide 94?
False
Is 399 a multiple of 21?
True
Does 37 divide 3293?
True
Does 29 divide 110?
False
Does 66 divide 3495?
False
Is 34 a factor of 1258?
True
Does 50 divide 5850?
True
Does 18 divide 2486?
False
Is 17 a factor of 25675?
False
Is 6 a factor of 1463?
False
Does 5 divide 21761?
False
Is 13 a factor of 22841?
True
Is 11 a factor of 25366?
True
Does 43 divide 742?
False
Does 70 divide 980?
True
Is 946 a multiple of 2?
True
Is 1662 a multiple of 72?
False
Is 15 a factor of 675?
True
Is 21336 a multiple of 14?
True
Is 134 a factor of 13279?
False
Is 13 a factor of 778?
False
Is 76 even?
True
Does 28 divide 223?
False
Is 86 a multiple of 18?
False
Is 300 a factor of 53400?
True
Is 25344 a multiple of 18?
True
Is 38 a factor of 1630?
False
Does 7 divide 1133?
False
Does 62 divide 27017?
False
Does 7 divide 21882?
True
Is 1924 a multiple of 13?
True
Is 24 a factor of 9225?
False
Is 216 a multiple of 108?
True
Does 188 divide 25944?
True
Is 6486 a multiple of 69?
True
Is 16 a factor of 3088?
True
Is 120 a multiple of 12?
True
Is 16 a factor of 19792?
True
Does 76 divide 32908?
True
Is 8 a factor of 712?
True
Is 2 a factor of 3?
False
Does 11 divide 27962?
True
Is 13 a factor of 3666?
True
Is 5 a factor of 283?
False
Is 1152 a multiple of 128?
True
Is 1770 a multiple of 20?
False
Is 87 a factor of 5678?
False
Does 32 divide 6368?
True
Is 6306 a multiple of 128?
False
Is 31 a factor of 4278?
True
Is 26 a factor of 6767?
False
Is 25 a factor of 12600?
True
Does 14 divide 5569?
False
Does 19 divide 60530?
False
Does 8 divide 9456?
True
Does 6 divide 6318?
True
Does 125 divide 3319?
False
Is 902 a multiple of 11?
True
Is 50 a factor of 39500?
True
Is 2294 a multiple of 37?
True
Is 4901 a multiple of 13?
True
Is 19596 a multiple of 80?
False
Is 68 a factor of 3639?
False
Is 53 a factor of 141181?
False
Is 91 a factor of 53417?
True
Is 29745 a multiple of 45?
True
Does 12 divide 22632?
True
Is 15 a factor of 10535?
False
Is 15882 a multiple of 15?
False
Does 26 divide 473?
False
Is 4 a factor of 3110?
False
Is 9749 a multiple of 16?
False
Does 77 divide 11485?
False
Does 145 divide 1455?
False
Is 75 a factor of 20475?
True
Is 12 a factor of 160?
False
Is 96235 a multiple of 348?
False
Is 286 a factor of 12012?
True
Does 4 divide 63?
False
Is 826 a multiple of 59?
True
Does 21 divide 3150?
True
Is 67 a factor of 134?
True
Does 9 divide 2631?
False
Is 32585 a multiple of 95?
True
Is 8116 a multiple of 32?
False
Is 1092 a multiple of 52?
True
Is 12 a factor of 10662?
False
Is 629 a multiple of 17?
True
Does 49 divide 4993?
False
Does 42 divide 113?
False
Is 7 a factor of 348?
False
Is 52 a factor of 67340?
True
Is 333 a factor of 24973?
False
Does 10 divide 13285?
False
Does 3 divide 23?
False
Is 3814 a multiple of 32?
False
Does 36 divide 324?
True
Does 156 divide 12792?
True
Does 59 divide 10739?
False
Is 19 a factor of 717?
False
Is 5 a factor of 7343?
False
Is 18 a factor of 12300?
False
Is 70 a factor of 73360?
True
Does 3 divide 199?
False
Does 37 divide 1861?
False
Does 36 divide 4464?
True
Does 23 divide 531?
False
Is 46 a factor of 383?
False
Is 28 a factor of 100530?
False
Is 31606 a multiple of 29?
False
Is 690 a multiple of 28?
False
Does 38 divide 470?
False
Is 27 a factor of 763?
False
Is 25 a factor of 3500?
True
Is 12 a factor of 1392?
True
Does 18 divide 895?
False
Does 2 divide 74?
True
Is 133 a multiple of 31?
False
Is 1204 a multiple of 14?
True
Is 5613 a multiple of 7?
False
Does 36 divide 19467?
False
Is 154 a factor of 4071?
False
Is 3498 a multiple of 22?
True
Is 52 a factor of 4836?
True
Does 115 divide 47073?
False
Is 4422 a multiple of 33?
True
Is 5269 a multiple of 11?
True
Is 17 a factor of 118832?
False
Is 22 a factor of 61?
False
Is 838 a multiple of 55?
False
Is 1479 a multiple of 12?
False
Does 21 divide 6549?
False
Is 16 a factor of 592?
True
Is 77 a multiple of 17?
False
Is 36 a factor of 22128?
False
Does 10 divi